(n/4)?
3
Let n(z) be the second derivative of -z**2/2 - z. Let o(t) = 2*t + 2. Let r(w) = -6*n(w) - 2*o(w). What are the prime factors of r(-3)?
2, 7
Let q(i) = 3*i - 4. Let w = -5 - -11. What are the prime factors of q(w)?
2, 7
Suppose -o - 2 = -2*g, -4*g - g - 5 = 0. Let c be 5/o - 1/(-4). Let q = 5 - c. What are the prime factors of q?
2, 3
Let v(g) = -4*g**3 - 4*g**2 - 4*g - 3. Let o be v(-2). Suppose o = 3*f - 2*f. Let w = f - 4. What are the prime factors of w?
17
Suppose 0*q = -2*q. Suppose 13 = 3*l - 2*l + 4*z, 0 = -l + 5*z - 5. Suppose q + l = y. What are the prime factors of y?
5
Let c be ((-4)/(-6))/((-1)/(-3)). Let o(k) = 3*k + 3*k + 0*k. List the prime factors of o(c).
2, 3
What are the prime factors of 2 - (-85 - (2 + -4))?
5, 17
Let q = 22 + 13. What are the prime factors of q?
5, 7
Suppose -3*k + 5 = -2*k. Suppose 0*m = -5*m - k. List the prime factors of (1 + m - -1) + 1.
2
Let x = -42 + 75. Let w = x - 4. What are the prime factors of w?
29
Suppose 4 + 4 = 4*w. What are the prime factors of (2 + -1)/w*24?
2, 3
List the prime factors of (-2)/(-11) + 6454/77.
2, 3, 7
Let h be (0 + 3)/(1/12). Suppose 5*c - 130 = -5*l, 2*c = -3*l - h + 110. List the prime factors of l.
2, 11
Let y be (5 - (0 - -2)) + -1. Suppose -y*n + 5 = -15. List the prime factors of n.
2, 5
Let r be (-34)/221 - 48/26. Let s be (-4)/14 + 1570/7. What are the prime factors of (r/4)/((-8)/s)?
2, 7
Suppose i - 10 = -5. Suppose -2*j - 44 = -3*u, -3*u + 6 = -i*j - 23. List the prime factors of (1 + u/4)*2.
11
Let i = -11 - -21. Let q = i - -11. List the prime factors of q.
3, 7
Suppose c + 2*c + 4*u = 11, 5*c + u = 7. Let i(z) = 4*z - 1. Let v be i(c). Suppose -v*d + 2 = -7. What are the prime factors of d?
3
Suppose -5*x - 40 = -5*s, -2*x - 14 = -3*s + 15. Suppose -s*n + 14*n - 13 = 0. What are the prime factors of n?
13
Suppose -4*k = 2*n - 8 + 20, 2*k + 14 = n. Suppose -4*u + 45 = -n*f - 27, -5*u + 4*f + 89 = 0. What are the prime factors of u?
17
What are the prime factors of (-18)/((-4)/(4/2))?
3
Suppose -5*r + 2*u + 105 = 0, -6*r + 63 = -3*r - 2*u. List the prime factors of r.
3, 7
Let j = 14 - 5. What are the prime factors of j?
3
What are the prime factors of 24 - -6*(-1)/3?
2, 11
Let b be (2 - 1) + -1 + 4. Suppose 5*r + 9 = -b*n, -4*n = 3*r - 2*r - 11. Suppose -48 = -4*q - n. What are the prime factors of q?
11
Let m(g) = -4*g - 2. Suppose 0*n + 6 = 2*n. Suppose v = 5*v - n*x, 3*x = v - 9. What are the prime factors of m(v)?
2, 5
Suppose -2*u - 15 = u, -4*h = 4*u - 88. Let y be (-6)/(-27) + 534/h. Suppose 7*o - 2*o - 3*a = 49, 2*o - a = y. List the prime factors of o.
11
Let s(m) = m**2 + 7*m + 5. Let x be s(-7). Let l(z) = 2*z + z + 3*z - x*z. List the prime factors of l(4).
2
Suppose 0 = -5*g - o + 287, -146 = -5*g + 3*o + 133. What are the prime factors of g?
3, 19
Let u(g) = -4*g - 1. Let s be u(-1). Suppose 0*j - s*j + 48 = 0. What are the prime factors of j?
2
Suppose -4*c + 15 = -9. Suppose 0 = -3*a - 4*x + c, -a + 8 = -3*x - 7. List the prime factors of a.
2, 3
Suppose -2*h + 41 + 139 = 0. What are the prime factors of h?
2, 3, 5
Let x = 83 - 58. Let t = x + -12. List the prime factors of t.
13
Suppose -r - 1 = -2*r + 5*d, 3*r - 3 = -5*d. Let z(n) = 7*n**2 + 2*n - 1. Let k be z(r). Let m(o) = o**3 - 8*o**2 + 3. List the prime factors of m(k).
3
Let n(w) = 0*w**2 - w**2 - 3*w - 4*w + 2. Suppose 3*d + 5 = -10. List the prime factors of n(d).
2, 3
Let k = -52 + 118. What are the prime factors of k?
2, 3, 11
Suppose 0*b - 2*t = 5*b - 387, -2*t = -b + 75. What are the prime factors of b?
7, 11
Let y = 134 + -64. List the prime factors of y.
2, 5, 7
Suppose -5*r + 9 + 11 = 0. Suppose t = r*l - 1, -18 = -2*t - 0*t + 3*l. What are the prime factors of t?
3, 5
Suppose 0*k = -5*k + 155. What are the prime factors of k?
31
Let m(t) = t - 7. Let n be m(9). Suppose -5*y - 1 = -4*v, y - v + n = 1. List the prime factors of y.
3
Let b(t) = 11*t**3 + 0*t + 0*t + 2 - 10*t**3. Suppose 3*q + 4*g = 22, 5*q - 3*g = -2*g + 6. What are the prime factors of b(q)?
2, 5
Let h be (7/(-5) - -1)*-5. Let m be (1 + -30)*(1 - h). Let c = 45 - m. List the prime factors of c.
2
Let u(a) = -a**2 + 11*a + 8. Let c be u(12). Suppose -7*r - 24 = -4*w - 3*r, 0 = 4*w + 3*r - 24. List the prime factors of (-3)/w - 54/c.
13
Let q = -3 - -6. Let l = q + 0. Suppose w + l = 0, -r - w = -3*w - 15. List the prime factors of r.
3
Suppose -4*v = 60 + 148. Let j = 73 + v. Suppose -2*n - 36 = -2*b, 5*n + j + 41 = 3*b. What are the prime factors of b?
2, 7
Let m(c) = 2*c + 158. List the prime factors of m(0).
2, 79
Let p(t) = 0*t + t - 8 + 7. Let m be p(-4). Let a(h) = -h**3 - 6*h**2 - 6*h + 4. List the prime factors of a(m).
3
Let r(j) = 2*j**3 + 2*j**2 - j + 1. List the prime factors of r(2).
23
Let u = -402 + 198. Let t = 110 + u. List the prime factors of t/(-18) - (-4)/(-18).
5
Let p(j) = j**3 + 12*j**2 - 17*j + 17. What are the prime factors of p(-13)?
3, 23
Suppose -16*a - 640 = -20*a. What are the prime factors of a?
2, 5
Suppose d = -4*m + 122, d + d - 3*m = 189. Suppose 10*q = 7*q + d. List the prime factors of q.
2, 17
Let t be 2 - ((-1062)/3)/2. Suppose 2*j + 261 + t = -2*h, 0 = -5*j. List the prime factors of (-10)/45 + h/(-18).
2, 3
Suppose 0 = 8*n - 464 - 168. What are the prime factors of n?
79
Let g(c) = c**3 + 9*c**2 - 7*c + 10. Let l be g(-9). Suppose l = 5*a - 7. List the prime factors of a.
2
What are the prime factors of -60*(23/(-2) + 6)?
2, 3, 5, 11
Let w(k) = k**2 - k + 2. Let o be w(0). Let s(f) = 8*f**o - 3 - 7*f**2 + 4*f - f. List the prime factors of s(-5).
7
Suppose 2*j = -i + 6, 2*i + 2 + 10 = 4*j. Suppose i = -4*u + 5 + 3. Let n(g) = g**2 + 2*g - 3. What are the prime factors of n(u)?
5
Let l(j) be the second derivative of 5*j**3/6 + 4*j. Suppose -4*z + 3 = -3*z. What are the prime factors of l(z)?
3, 5
Let c = 81 + -42. Let p = -25 + c. What are the prime factors of p?
2, 7
Suppose 0 = 4*m + 2*h + 4, -4*h = -2*m - 2 - 0. Let g(q) = q**3 - q + 2. Let l be g(-2). Let a = m - l. What are the prime factors of a?
3
Let f(b) = b**3 + 9*b**2 - b - 7. What are the prime factors of f(-6)?
107
Let x(z) = -z**2 - 13*z + 2. Let c be x(-13). Suppose 5*l = 5*v + 235, 6*v - c*v + 47 = l. List the prime factors of l.
47
Let m be (-28)/(-21)*3/(-2). Let l be m*(5/2)/(-5). Let u(b) = 3*b - 1. What are the prime factors of u(l)?
2
Let h(q) = -q**2 - 8*q + 16. What are the prime factors of h(-8)?
2
Let x = 2 - 4. Let d be 1/x*0 - 0. Suppose d = -4*h + 7*h - 12. What are the prime factors of h?
2
Let d = 165 + -23. What are the prime factors of d?
2, 71
Let u(p) = -p**3 + 14*p**2 - 16*p - 20. List the prime factors of u(12).
2, 19
What are the prime factors of (7*-2)/(-10 - -8)?
7
Suppose -b - 3*b + 61 = 5*o, b + 23 = 3*o. Let l(w) = -w**2 + 9*w + 6. What are the prime factors of l(o)?
2, 3
Let c(z) = z**3 - 4*z**2 + z + 4. Let n be c(4). Suppose 4*k = -0*k + n. Suppose -y + 54 = k*y. What are the prime factors of y?
2, 3
Let g(k) = -k**3 - 7*k**2 - 6*k + 5. Let l be g(-6). Let y = 7 + -4. Suppose l*f + 43 = y*a, -4*a + 0*f + f = -46. List the prime factors of a.
11
Let u(r) be the third derivative of 1/24*r**4 + 0*r + 5/6*r**3 + 1/60*r**5 - 2*r**2 + 0. What are the prime factors of u(0)?
5
Let g be 32/(-6)*9/(-6). Suppose -1 - g = -3*t. Suppose 0 = 2*r + 5*m - 7, -2*r + 4 + 27 = -t*m. What are the prime factors of r?
11
Let t = -10 - -18. Let z = t + 2. What are the prime factors of z?
2, 5
Let u be 3/(3/(-12)*-6). Suppose -3*r = 3*i + 24, 2*r + 8 = -2*r + u*i. What are the prime factors of (r/10)/(1/(-25))?
2, 5
Let u(g) be the second derivative of g**2 + 0 + 2/3*g**3 + 2*g - 1/12*g**4. List the prime factors of u(4).
2
Let m(u) = -18*u**3 - u - 1. Let j be m(-1). List the prime factors of 5/(15/j) + -3.
3
Let k(i) = -2*i**3 - 3*i**2 + 9*i + 15*i**2 + 0*i**3 - 3*i**3. Let d(j) = -j**3 + 3*j**2 + 2*j. Let l(h) = -9*d(h) + 2*k(h). List the prime factors of l(-4).
2
Let g(l) = -l**3 - 2*l**2 + 6*l + 4. Let a be g(-5). Let b = a - 24. What are the prime factors of b?
5
Let x(w) be the third derivative of w**5/60 - w**4/6 - w**3/6 + 2*w**2. List the prime factors of x(6).
11
Suppose -2*a = -p - a + 1, -p = 4*a - 11. Let s(i) = -2*i - 4 + 5 - p - 4. List the prime factors of s(-8).
2, 5